 -u + 5*g = g - 10. Let y(b) = b**3 + b**2 + 2*b. Determine y(u).
-8
Let b = -378 + 375. Let g(f) = -f**2 - 2*f + 2. Determine g(b).
-1
Suppose 4*s + 12 = 2*p, 3*s - 2*s + 3 = 0. Suppose 3*b - 2 + 22 = -4*j, p = 5*b - j + 18. Let u(h) = -4*h + 4. Determine u(b).
20
Let x(o) be the third derivative of -1/2*o**3 - 1/30*o**5 - 41*o**2 + 0*o + 0 - 1/8*o**4 - 1/120*o**6. Calculate x(-3).
15
Suppose 0 = 2*y + a - 72, y + 4*a - a = 46. Suppose -5*c - 2*z = 19, 5*c + y = -0*z + 3*z. Let j(u) = -593 + 292 + 291 - u. Determine j(c).
-5
Suppose 20 = d + 5*s + 1, 2*d - 2*s = -22. Let j(q) be the first derivative of q**3/3 + 3*q**2/2 - 5*q - 1. Calculate j(d).
13
Let w(x) be the second derivative of -x**5/20 + 2*x**4/3 + x**3/3 + x**2/2 + 2*x - 42. Calculate w(8).
17
Let q(h) be the third derivative of -h**6/30 - h**5/30 - h**4/24 - h**3/3 + 3*h**2 - 14. Let y(o) = -2*o + 14. Let r be y(8). Determine q(r).
24
Suppose -4 = -w - 2. Let p(d) be the third derivative of 0 - 3*d**2 + 1/2*d**3 - 1/8*d**4 + 0*d. Determine p(w).
-3
Let i be 7/(-14)*1/((-5)/10). Let u(l) = 2*l - 4 - 2*l**3 + 0*l + 3. Calculate u(i).
-1
Let w(a) = a**2 - 6*a. Let p be ((-1)/(-2)*-2)/((-10)/(-50)). Let j be (14/8)/(-7)*4*p. Calculate w(j).
-5
Let z(k) = 7*k**3 + 3*k**2 + 2*k + 6. Let y(n) = -9*n**3 - 2*n**2 - 3*n - 7. Let b(t) = -4*y(t) - 5*z(t). Give b(7).
12
Suppose 7*u - 12 = u. Suppose 0 = -u*k - 2*s + 8, -4*k - 4*s = -5*s - 26. Let d(f) = -f**2 + 5*f - 2. Give d(k).
-8
Let k(j) = -1 + 4*j**2 - 7*j + 13*j - 3*j**2. Let c be k(-6). Let m(s) = -7*s**2 - 2. Let f(l) = 15*l**2 + 3. Let r(n) = 3*f(n) + 5*m(n). Give r(c).
9
Let t(k) = 11*k - 1 - 8*k + 0*k. Let h be t(-4). Let a(d) = -9*d**2 + 6*d + 8. Let b(w) = -19*w**2 + 13*w + 17. Let y(g) = h*a(g) + 6*b(g). What is y(2)?
10
Let x(r) = 3561*r**2 - 3562*r**2 + 9*r + 1 + 3*r. What is x(13)?
-12
Let q(w) = 7*w**3 - 4*w - 8. Let c(t) = 19*t**3 + t**2 - 13*t - 23. Let l(k) = -3*c(k) + 8*q(k). Give l(-4).
-7
Let y(u) be the third derivative of -2/15*u**5 + 0*u**3 - 13*u**2 + 0 + 0*u + 0*u**4. Determine y(-1).
-8
Suppose -4*g - 20 = 0, r = 2*r - 2*g - 2. Let w(f) = -2*f - 3. Let s(t) = t + 2. Let z(v) = 4*s(v) + 3*w(v). What is z(r)?
15
Let x(w) be the second derivative of 0 - 1/4*w**4 - w**2 + 1/20*w**5 - 1/3*w**3 + 4*w. What is x(3)?
-8
Let a(d) = d**2 - 6*d + 1. Let y be (14/4*-1)/((-20)/40). What is a(y)?
8
Let s(w) = 12*w**3 + 16*w**2 - 29*w + 6. Let p(q) = -4*q**3 - 5*q**2 + 9*q - 2. Let n(c) = 19*p(c) + 6*s(c). What is n(-2)?
40
Let j = 61 + -59. Suppose 2*l + 3*v = -2*l + 2, 4 = 5*l + 3*v. Let g(i) = 1 + 0*i**2 + l*i + 0*i**2 + i**2 + 2*i**j. Give g(-2).
9
Suppose 0*w - 29 = -w - 5*y, y - 97 = -5*w. Suppose 3*m + 1 = 2*m, 5*p + 4*m + w = 0. Let k = 2 + p. Let u(n) = n**3 + 2*n**2 + n. Give u(k).
0
Suppose -6 = -5*z + 4. Let r(y) = -8 + y**z + 10 - 6*y - 2 + 5. Calculate r(5).
0
Let f(v) be the third derivative of 3*v**2 + 0*v + 2/3*v**3 + 0 - 1/8*v**4. Give f(5).
-11
Let b(w) = w**3 + 3*w**2 - 4*w - 7. Let i = 245 + -248. What is b(i)?
5
Let f(w) = w - 8. Suppose -20 = 4*o, -3*y + 0*o = o - 22. Let d be (-2)/(-7) + (-178)/(-14). Let g = d - y. Give f(g).
-4
Let t(j) = 2*j**2 + 8*j. Let v(n) = -n**2 - 4*n. Let d(o) = 2*t(o) + 5*v(o). Suppose 0 = -2*f - h + 23 - 2, 5*h = 15. Let a = f - 11. Determine d(a).
4
Let t(y) = -2*y**3 + 52*y**2 - 4. Let h be t(26). Let b(w) = 13*w + 6. Determine b(h).
-46
Suppose -c + 3*q = 2*c - 189, -2*c + 131 = 3*q. Let f be ((-6)/4)/(((-36)/c)/3). Let s(n) = -n**3 + 9*n**2 - 8*n - 9. What is s(f)?
-9
Let i(b) = -b + 1. Let m be i(-3). Let f(o) = -o**2 - o - 1. Let l(g) = -4*g**2 + 2*g - 5. Suppose 31*y - 33*y = -6. Let k(u) = y*f(u) - l(u). Calculate k(m).
-2
Let j(x) = x**3 + 2*x**2 - 2*x + 2. Let i be 3 + (2/1 - 8). Let m = 1 - i. Suppose 5*p + 19 = m. Give j(p).
-1
Let w(b) = 9*b**2 - 3*b - 1. Let x(u) = 4*u**2 - 2*u - 1. Let c(f) = 3*w(f) - 7*x(f). Suppose -9 - 32 = -5*m - 3*d, 2*m = -5*d + 24. Determine c(m).
-10
Let b(m) = 7 + 3*m - 9*m + 0*m - 2*m**2. What is b(-5)?
-13
Let f(t) = -t**3 - 7*t**2 + 3*t - 2. Let s(z) = -2*z**3 - 15*z**2 + 5*z - 5. Let c(y) = 5*f(y) - 2*s(y). Let a be 32/(-176) - (-1 + 225/33). Determine c(a).
6
Let t be (-42)/(-9)*24/28. Suppose -t*m = -1 - 31. Let l(k) = -k**3 + 8*k**2 - 4. What is l(m)?
-4
Let w = 280 - 290. Let i(u) = -u**2 - 10*u + 7. Give i(w).
7
Let q = -3 - -6. Let v(b) = 0*b + 5*b**2 + 2*b - 4 + b**q + 0*b**2. Suppose -2*g - 4*a - 14 = 0, 0 = 6*g - 9*g + 3*a - 3. Determine v(g).
8
Let y(r) = -r**3 + 7*r**2 - 4*r - 4. Let i be -22*(-2)/(-16)*-4. Let v(g) = -2*g**3 + i*g**2 - 2*g**2 + g**3 - 4*g**2 + 7*g. Let j be v(6). Give y(j).
8
Let t(k) = -4*k + 1. Let f(x) = 5*x - 1. Let r(n) = 5*f(n) + 6*t(n). Let c(b) = -4*b - 8. Let g(s) = c(s) + 5*r(s). What is g(4)?
1
Let x(n) = n + 2. Let u(c) = c**3 + 9*c**2 + c + 4. Suppose 8*k = 3*k - 45. Let v be u(k). Give x(v).
-3
Let y(x) = -x**3 - x**2 + 2*x + 2. Let u be -25*2/(-6) + 32/(-24). Suppose -4 = u*n - 5*n. Calculate y(n).
2
Suppose 4*l = 3*l + 2. Let m(h) = 1 - 4*h - 2*h + 3*h. Calculate m(l).
-5
Let v(z) = -4*z**3 - 5*z + 7*z**3 + 6 + z**2 - 1. Let g be v(2). Suppose 0 = -21*x + g*x - 2. Let k(a) = 6*a. Determine k(x).
6
Let f(w) be the second derivative of -w**4/12 - 23*w**3/6 + 21*w**2 + 13*w + 13. Calculate f(-25).
-8
Let l(a) = -18*a**3 - 4*a**2 + 3*a - 5. Let h(s) = -22*s**3 - 5*s**2 + 4*s - 6. Let y(f) = 4*h(f) - 5*l(f). What is y(-1)?
-2
Let p(v) = 7*v + 4 + 3 - 10*v**2 + 9*v**2 - 4. Let k = 17 + -13. Determine p(k).
15
Let a(i) = i + 3. Let u be -2 + 1/(4/28). Suppose -h + 16 = -u*q, 2*q + 3*h + 9 = -2*q. Let g be 16/q - 10/15. Calculate a(g).
-3
Let y(o) = -o**3 + 8*o**2 - 8*o - 8. Suppose -p + 63*r - 62*r + 2 = 0, 0 = -2*p + 3*r. Determine y(p).
16
Let a(u) be the first derivative of -8 + 2*u - 1/4*u**4 - u**3 + 1/2*u**2. Give a(-3).
-1
Let t(w) be the third derivative of -1/12*w**4 - 2*w + 12*w**2 + 1/6*w**3 + 7/60*w**5 + 0. What is t(1)?
6
Let w(m) = 5*m**3 + 7*m + 2. Let j(y) = y**3 + y**2 + y. Let x(f) = -6*j(f) + w(f). Suppose -3*a + 8 = 26. Determine x(a).
-4
Let y be 3*3*(-9)/(-27). Let k(m) be the third derivative of m**4/8 - m**3/3 - 44*m**2. Determine k(y).
7
Suppose 380 = -4*v + 344. Let t(a) = -a - 2. Give t(v).
7
Let j = 514 + -521. Let g(u) = -u**2 - 10*u - 2. Give g(j).
19
Let x = -9 + 15. Let r be 4/x*(-9)/(-6). Let t(v) = 3 + v - 3 + v - r. Determine t(2).
3
Let m be -2 + (6 - (-2 - 0)). Let s(b) = -9*b - 40. Let k be s(-6). Let j(w) = 1 - 7*w**2 - w**3 + k*w**2 - 16*w + 9*w. Give j(m).
-5
Let d(p) = -27*p + 67. Let j(n) = -7*n + 15. Let x(f) = -2*d(f) + 9*j(f). What is x(1)?
-8
Let v(f) = f - 14. Let n(r) = -4*r**2 + 5*r + 53. Let t(p) = p**2 - p - 13. Let j(z) = 2*n(z) + 9*t(z). Let x be j(-5). Calculate v(x).
-5
Let m(x) = -x**3 - 8*x**2 + 7*x - 1. Suppose 14*b - 112 = 28*b. Calculate m(b).
-57
Let p be 1*-2*(-24)/16. Let b be (-2)/7 - (-16)/56. Let r(z) = -z**3 - 2*z**3 + z**2 + z**p + b*z**2. What is r(1)?
-1
Let k(c) = -c**2 - 1. Let x = -6 + 4. Let b = x - -1. Let w(r) = r**3 + 4*r**2 + 5*r - 8. Let v(u) = b*w(u) + 2*k(u). Determine v(-5).
6
Let t(q) = -2*q + 6*q - 5*q - q - 4*q**2 - 3*q**3. What is t(-2)?
12
Suppose 3*d + 0 = 9. Suppose -84 + 234 = d*u. Let c be (u/40)/(2/8). Let p(i) = i**2 - 5*i - 5. What is p(c)?
-5
Let k = 0 + 3. Let d(p) = 8*p - 4*p - 1 - 1 - 2*p - 3*p. Give d(k).
-5
Let c = -25 - -25. Suppose c = 3*s - 9*s. Let u(x) = -x - 15. Determine u(s).
-15
Let u(n) be the third derivative of n**4/12 - 5*n**3/2 - 96*n**2. Determine u(0).
-15
Suppose 0 + 8 = -4*m. Let g(y) = -y**2. Let p be g(m). Let a(l) be the third derivative of -l**4/24 - l**3/6 + 181*l**2 + l - 3. Determine a(p).
3
Let t be ((-93)/(-62))/((-1)/(1/(-30))). Let b(c) be the second derivative of t*c**5 - c + 3/2*c**2 + 0*c**3 + 0 + 0*c**4. Give b(0).
3
Let t(r) = -272*r + 1 + 88*r + 88*r + 87*r. Determine t(-1).
10
Let y(a) = a**3 - 8*a**2 + 8*a + 1. Let o = 36 - 2. Suppose k + 4*t - o = -7, 4*k - 8 = 4*t. Determine y(k).
8
Let z(u) = u**3 + 10*u**2 - u - 5. Let o = -25 + 15. Let q be z(o). Suppose -q*s = -6*s - 1. Let v(n) = -16*n**2. Give v(s).
-16
Let r(f) = 11 + f + 2*f**2 - 4 - 3*f**2. Let l = 38 + 63. Let a = -101 + l. Give r(a).
7
Let o(y) = -9*y**2 - 13*y - 3. Let z(c) = -3*c**2 - 4*c -